{"id":180,"date":"2017-10-05T13:58:43","date_gmt":"2017-10-05T11:58:43","guid":{"rendered":"https:\/\/pf-ol.de\/?page_id=180"},"modified":"2021-12-07T16:58:43","modified_gmt":"2021-12-07T16:58:43","slug":"klingel","status":"publish","type":"page","link":"https:\/\/pf-ol.de\/index.php\/leben\/klingel\/","title":{"rendered":"Klingel"},"content":{"rendered":"<p>Unsere T\u00fcrklingel ist anders als die meisten anderen.<\/p>\n<p>Beim Geb\u00e4ude Pferdemarkt 16 befindet sich die Klingel an der rechten T\u00fcr vom Haupteingang. Der Haupteingang ist dort, wo drei T\u00fcren direkt nebeneinander liegen.<\/p>\n<p>Die Klingelnummer entspricht <strong>nicht<\/strong> der Zimmernummer. Stattdessen h\u00e4ngt bei der Klingel eine Liste der Bewohner. Die zweistellige [zz] Nummer ist die Klingelnummer.<br \/>\nDie zweigeteilte [xx-yy] Nummernfolge ist die Zimmernummer. Diese ist f\u00fcr den Postboten interessant, jedoch nicht hilfreich beim Klingeln.<\/p>\n<p>Vorgehen beim Klingeln:<\/p>\n<ol>\n<li>Klingelnummer in der Liste suchen<\/li>\n<li>Klingelnummer am Zahlenfeld eingeben<\/li>\n<li>mit &#8222;F&#8220; best\u00e4tigen, damit es klingelt<\/li>\n<\/ol>\n<p>Ohne die Best\u00e4tigung wird kein Signal gesendet.<br \/>\nDie Klingel kann man sich als Telefon vorstellen: Die Telefon-\/Klingelnummer muss man eingeben. Aber erst durch das Best\u00e4tigen ruft man an &#8211; oder klingelt bei uns.<\/p>\n<p>Drinnen befindet sich das Stockwerk 01 (xx in der Liste) nach der ersten Treppe nach oben, dar\u00fcber liegen die Stockwerke 02\u202604.<\/p>\n","protected":false},"excerpt":{"rendered":"<p>Unsere T\u00fcrklingel ist anders als die meisten anderen. Beim Geb\u00e4ude Pferdemarkt 16 befindet sich die Klingel an der rechten T\u00fcr vom Haupteingang. Der Haupteingang ist dort, wo drei T\u00fcren direkt nebeneinander liegen. Die Klingelnummer entspricht nicht der Zimmernummer. Stattdessen h\u00e4ngt bei der Klingel eine Liste der Bewohner. Die zweistellige [zz] Nummer ist die Klingelnummer. Die &hellip; <\/p>\n<p class=\"link-more\"><a href=\"https:\/\/pf-ol.de\/index.php\/leben\/klingel\/\" class=\"more-link\"><span class=\"screen-reader-text\">\u201eKlingel\u201c<\/span> weiterlesen<\/a><\/p>\n","protected":false},"author":1,"featured_media":252,"parent":40,"menu_order":0,"comment_status":"open","ping_status":"closed","template":"","meta":{"footnotes":""},"class_list":["post-180","page","type-page","status-publish","has-post-thumbnail","hentry"],"_links":{"self":[{"href":"https:\/\/pf-ol.de\/index.php\/wp-json\/wp\/v2\/pages\/180","targetHints":{"allow":["GET"]}}],"collection":[{"href":"https:\/\/pf-ol.de\/index.php\/wp-json\/wp\/v2\/pages"}],"about":[{"href":"https:\/\/pf-ol.de\/index.php\/wp-json\/wp\/v2\/types\/page"}],"author":[{"embeddable":true,"href":"https:\/\/pf-ol.de\/index.php\/wp-json\/wp\/v2\/users\/1"}],"replies":[{"embeddable":true,"href":"https:\/\/pf-ol.de\/index.php\/wp-json\/wp\/v2\/comments?post=180"}],"version-history":[{"count":1,"href":"https:\/\/pf-ol.de\/index.php\/wp-json\/wp\/v2\/pages\/180\/revisions"}],"predecessor-version":[{"id":414,"href":"https:\/\/pf-ol.de\/index.php\/wp-json\/wp\/v2\/pages\/180\/revisions\/414"}],"up":[{"embeddable":true,"href":"https:\/\/pf-ol.de\/index.php\/wp-json\/wp\/v2\/pages\/40"}],"wp:featuredmedia":[{"embeddable":true,"href":"https:\/\/pf-ol.de\/index.php\/wp-json\/wp\/v2\/media\/252"}],"wp:attachment":[{"href":"https:\/\/pf-ol.de\/index.php\/wp-json\/wp\/v2\/media?parent=180"}],"curies":[{"name":"wp","href":"https:\/\/api.w.org\/{rel}","templated":true}]}}